u(5).
29
Let w(z) = -z**3 - 82*z**2 + 73*z - 772. Determine w(-83).
58
Let h(j) = 2*j**3 + 44*j**2 - 62*j - 361. Determine h(-23).
7
Let v(a) = -a**3 - 46*a**2 - 49*a - 2250. Give v(-46).
4
Let m(r) = r**3 - 6*r**2 + 10*r + 3. Determine m(9).
336
Let w(m) = 5*m**3 - 14*m**2 - 2*m + 9. Determine w(3).
12
Let d(q) = -3*q**2 - 107*q + 24. Determine d(-32).
376
Let q(t) = -6*t**3 - 88*t**2 - 59*t - 39. What is q(-14)?
3
Let o(q) = 80*q - 65. What is o(0)?
-65
Let b(o) = -5*o**2 - 91*o - 35. Determine b(-18).
-17
Let r(z) = 82*z + 263. Determine r(-3).
17
Let t(m) = -m**3 - 13*m**2 + 24*m + 60. Give t(-14).
-80
Let q(x) = 83*x - 195. Calculate q(3).
54
Let y(i) = -i**2 + 104*i + 8725. What is y(-55)?
-20
Let x(b) = -64*b**2 - 1536*b - 14. Give x(-24).
-14
Let j(x) = 784*x + 20386. What is j(-26)?
2
Let x(k) = -20*k**2 - 400*k - 73. Determine x(-21).
-493
Let f(c) = -c**2 - 86*c - 1509. Determine f(-36).
291
Let f(r) = -6*r**2 - 27*r + 126. Determine f(4).
-78
Let z(k) = -k**2 + 17*k - 49. What is z(13)?
3
Let c(j) = 60*j**2 - 6*j - 4. Give c(-2).
248
Let m(s) = -328*s - 9845. Give m(-30).
-5
Let s(i) = 1426*i + 7184. Give s(-5).
54
Let q(l) = 95*l - 215. What is q(0)?
-215
Let y(j) = -j**2 - 67*j - 221. Determine y(-64).
-29
Let g(v) = -37*v - 458. What is g(-13)?
23
Let c(j) = j**2 - 26*j + 124. Give c(10).
-36
Let v(p) = 113*p - 1241. What is v(11)?
2
Let h(x) = 2*x**3 - 255*x**2 + 124*x + 360. What is h(127)?
-21
Let d(r) = -493*r - 5428. Calculate d(-11).
-5
Let l(i) = 2696*i - 62025. Calculate l(23).
-17
Let h(z) = -2*z**3 + 8*z**2 + 73*z + 89. Give h(-2).
-9
Let u(s) = 21*s + 2266. Give u(-108).
-2
Let v(m) = -21*m**2 + 64*m + 136. Determine v(-2).
-76
Let k(p) = 24*p**2 - 4*p + 1. Calculate k(-1).
29
Let x(w) = -259*w + 1532. What is x(6)?
-22
Let r(a) = 5*a**3 + 95*a**2 + 2*a + 42. Determine r(-19).
4
Let k(f) = -89*f - 407. Calculate k(0).
-407
Let h(i) = -7*i**2 - 16*i - 10. Determine h(-2).
-6
Let g(d) = -2*d**2 - 27*d - 30. Calculate g(-11).
25
Let r(y) = 21366*y - 64110. Calculate r(3).
-12
Let i(m) = m**3 - 26*m**2 + 25*m + 743. Give i(24).
191
Let x(g) = g**3 - 53*g**2 - 52*g - 158. Determine x(54).
-50
Let o(z) = z**3 - 69*z**2 + 125*z + 601. What is o(67)?
-2
Let k(b) = 6*b**3 - 3*b**2. Determine k(2).
36
Let f(o) = -o**3 - 153*o**2 + 629*o + 206. Determine f(-157).
49
Let f(i) = -70*i + 430. Calculate f(7).
-60
Let j(o) = 4*o - 364. Calculate j(91).
0
Let c(p) = p**2 - 190*p + 2943. What is c(17)?
2
Let n(l) = -l**3 - 41*l**2 - 40*l + 6. Give n(-40).
6
Let k(o) = -169*o + 79. Calculate k(2).
-259
Let k(l) = 11*l - 47. Determine k(-1).
-58
Let n(p) = 16*p**3 + 5*p**2 + 4*p - 24. Give n(3).
465
Let g(c) = -c**3 + 74*c**2 - 132*c - 851. What is g(72)?
13
Let t(w) = -3*w**3 + 23*w**2 + 23. Calculate t(9).
-301
Let z(k) = -2*k**2 + 28*k - 38. Calculate z(4).
42
Let p(b) = b**3 - 35*b**2 + 150*b - 3. Determine p(5).
-3
Let c(h) = -5*h**2 + 103*h - 36. What is c(19)?
116
Let b(a) = 2*a**3 + 19*a**2 - 94*a - 2. Calculate b(4).
54
Let d(m) = 50*m**3 + 8*m + 8. Determine d(-1).
-50
Let t(p) = -2*p**3 + 38*p**2 + 305*p + 2. Determine t(-6).
-28
Let b(q) = -745*q - 6689. Determine b(-9).
16
Let v(t) = 37*t - 763. Determine v(22).
51
Let r(n) = 29*n - 252. Give r(11).
67
Let u(f) = f**2 + 18*f - 1817. What is u(33)?
-134
Let c(p) = -p**3 - 73*p**2 + 55*p - 1399. Calculate c(-74).
7
Let h(f) = -f**2 + 27*f + 3321. Determine h(74).
-157
Let j(v) = 2*v**3 + 11*v**2 - 3*v - 36. Determine j(-2).
-2
Let u(m) = m**3 - 4*m**2 - 40*m - 27. Calculate u(-6).
-147
Let t(o) = 5*o**2 + 149*o - 14. Calculate t(-30).
16
Let k(y) = 2*y**3 + 2*y**2 + 2*y. Determine k(-3).
-42
Let q(v) = 20*v**2 - 51*v - 56. Calculate q(-1).
15
Let t(r) = r**2 + 95*r + 865. Calculate t(-85).
15
Let z(u) = u**3 - u**2 - 214*u - 614. Calculate z(-3).
-8
Let c(z) = 378*z**2 - 14*z + 15. Give c(1).
379
Let i(t) = -t**2 - 9188*t + 138047. Determine i(15).
2
Let j(o) = 2*o**3 + 309*o**2 + 155*o + 164. Determine j(-154).
10
Let w(c) = 351*c + 1763. Calculate w(-5).
8
Let f(b) = b**3 - 9*b**2 - 27*b - 17. Determine f(-2).
-7
Let c(k) = 2*k**2 + 57*k + 263. Determine c(-23).
10
Let c(o) = -o**2 - 3*o + 11. Give c(-5).
1
Let f(d) = d**2 + 41*d - 566. Calculate f(11).
6
Let m(h) = -5*h - 18. Give m(-30).
132
Let o(g) = -8*g**3 - 3*g**2 - 5*g - 1. Give o(-3).
203
Let c(j) = -9286*j + 46426. Calculate c(5).
-4
Let s(z) = -2*z**3 - 29*z**2 - 34*z + 93. Determine s(-12).
-219
Let u(o) = -o**2 + 39*o - 210. Determine u(30).
60
Let p(h) = 2*h**2 + 107*h + 998. Determine p(-12).
2
Let g(h) = -32*h + 31. Determine g(3).
-65
Let v(r) = -r**2 + 11*r + 458. Calculate v(-17).
-18
Let j(g) = -124*g - 3453. Give j(-30).
267
Let p(l) = -2*l**2 - 23*l - 84. Give p(-8).
-28
Let r(u) = -u**3 - 39*u**2 - 146*u - 25. Calculate r(-4).
-1
Let v(k) = k**3 - 37*k**2 - k + 59. Determine v(37).
22
Let a(l) = -l**3 - 49*l**2 - 91*l + 93. What is a(-47)?
-48
Let m(u) = -162*u**3 - u**2 - u + 2. Determine m(1).
-162
Let o(j) = j**3 - 28*j**2 + 152*j + 30. Give o(8).
-34
Let o(i) = 2*i**3 + 76*i**2 + 156*i + 3037. Calculate o(-37).
3
Let j(f) = 4*f**2 + 41*f - 10. Determine j(-9).
-55
Let c(t) = t**3 - 12*t**2 + 19*t. What is c(8)?
-104
Let c(r) = -161*r**2 - 651*r - 22. Give c(-4).
6
Let s(q) = -3*q**2 - 153*q - 694. Determine s(-46).
-4
Let s(c) = -18*c**2 - 379*c - 1135. What is s(-3)?
-160
Let f(x) = 7*x**2 - 87*x - 161. What is f(-2)?
41
Let y(b) = -b**3 + 124*b**2 - 475*b - 603. Give y(120).
-3
Let r(y) = -y**3 - 30*y**2 - 149*y - 22. Give r(-21).
-862
Let v(h) = -h**3 - 62*h**2 + 56*h - 400. What is v(-63)?
41
Let o(g) = 27*g + 154. Determine o(-9).
-89
Let f(x) = 14*x**2 - 26*x + 18. What is f(-5)?
498
Let s(u) = u**2 - 148*u + 3936. Determine s(35).
-19
Let s(t) = 9*t**3 - 8*t**2 + 42*t + 8. Give s(3).
305
Let r(d) = -2424*d - 43624. What is r(-18)?
8
Let c(a) = a**2 - 391*a - 5190. Give c(-13).
62
Let a(l) = l**2 - 4*l - 8. Give a(10).
52
Let t(m) = -37*m**2 - 1077*m - 112. Give t(-29).
4
Let g(y) = -3*y**2 + 61*y - 122. What is g(18)?
4
Let p(z) = -2*z**3 + 4*z**2 + 8*z - 9. Determine p(4).
-41
Let t(k) = -k**3 - 18*k**2 - 20*k - 17. Determine t(-17).
34
Let w(z) = -z**2 + 222*z - 21. What is w(0)?
-21
Let m(d) = 2*d**3 - 55*d**2 + 40*d - 135. Give m(27).
216
Let m(v) = -480*v + 135839. Determine m(283).
-1
Let t(w) = 98*w + 1558. Give t(-16).
-10
Let n(v) = -v**3 - 33*v**2 + 137*v - 421. Calculate n(-37).
-14
Let q(s) = -s**2 - 37*s - 142. Determine q(-33).
-10
Let m(j) = -j**3 + 44*j**2 - 84*j + 8. Give m(42).
8
Let t(h) = 2*h**3 + 351*h**2 + 529*h + 1226. Give t(-174).
8
Let s(i) = -60*i**2 - 900*i - 8. What is s(-15)?
-8
Let u(z) = -424*z + 1001. What is u(3)?
-271
Let z(k) = -52*k + 2861. Determine z(63).
-415
Let j(x) = x**2 - 158*x + 2870. Determine j(21).
-7
Let a(b) = 107*b - 5561. Give a(52).
3
Let i(y) = y**3 - 10*y**2 - 19*y + 275. Determine i(8).
-5
Let l(r) = 16*r + 111. What is l(-8)?
-17
Let w(x) = -8*x**2 + 132*x - 22. What is w(15)?
158
Let p(l) = -10*l + 326. Calculate p(30).
26
Let t(s) = 47*s**2 - 346*s + 108. What is t(7)?
-11
Let g(r) = 87*r + 17395. Calculate g(-200).
-5
Let p(f) = 47*f + 9. Calculate p(-2).
-85
Let q(m) = -8*m - 33. Give q(-13).
71
Let i(v) = 48*v**2 - 674*v + 17. Calculate i(14).
-11
Let l(g) = 5*g**3 - 11*g**2 - 105*g + 5. Calculate l(-4).
-71
Let w(f) = -97*f - 4095. What is w(-42)?
-21
Let c(x) = -1679*x + 5043. Give c(3).
6
Let q(u) = 1121*u - 1127. Determine q(1).
-6
Let v(r) = -3*r + 23. Give v(11).
-10
Let x(p) = 10*p**2 + 600*p - 14. Give x(-60).
-14
Let y(z) = -328*z + 56425. Give y(172).
9
Let d(n) = -n**3 - 43*n**2 - 47*n - 1939. Calculate d(-43).
82
Let l(j) = j**2 + 187*j + 3280. Determine l(-21).
-206
Let w(l) = 2*l**3 - 231*l**2 - 231*l. Determine w(-1).
-2
Let k(r) = 58*r**2 - 1335*r + 38. Calculate k(23).
15
Let w(b) = b**3 + 102*b**2 - 209*b - 97. Determine w(-104).
7
Let j(c) = -20685*c - 227529. Calculate j(-11).
6
Let q(o) = o**3 - 27*o**2 - 79*o - 90. What is q(30)?
240
Let y(h) = -4*h**2 + 25*h - 5. Determine y(5).
20
Let g(x) = 311*x + 939. What is g(-3)?
6
Let m(j) = j**2 + 12*j + 25. Calculate m(-12).
25
Let h(w) = -w**3 + 205*w**2 + 615*w + 1871. Determine h(208).
-1
Let v(d) = -4*d**2 + 129*d + 106. Calculate v(33).
7
Let r(x) = 478*